e remainder when 1431 is divided by 41?
37
Calculate the remainder when 11202 is divided by 71.
55
Calculate the remainder when 284327 is divided by 145.
127
Calculate the remainder when 7194 is divided by 360.
354
Calculate the remainder when 8037 is divided by 1603.
22
Calculate the remainder when 33418 is divided by 8354.
2
Calculate the remainder when 5499 is divided by 26.
13
What is the remainder when 27836 is divided by 53?
11
Calculate the remainder when 1390 is divided by 93.
88
Calculate the remainder when 20643 is divided by 2185.
978
Calculate the remainder when 1753159 is divided by 164.
163
What is the remainder when 54589 is divided by 96?
61
Calculate the remainder when 14331 is divided by 24.
3
What is the remainder when 781 is divided by 159?
145
What is the remainder when 111147 is divided by 171?
168
Calculate the remainder when 4257 is divided by 727.
622
What is the remainder when 2983 is divided by 360?
103
Calculate the remainder when 26813 is divided by 4467.
11
What is the remainder when 2305 is divided by 58?
43
Calculate the remainder when 2220 is divided by 367.
18
Calculate the remainder when 7156 is divided by 3552.
52
What is the remainder when 1258519 is divided by 363?
361
What is the remainder when 5892 is divided by 48?
36
Calculate the remainder when 3204 is divided by 174.
72
Calculate the remainder when 4055 is divided by 871.
571
What is the remainder when 2445 is divided by 319?
212
Calculate the remainder when 9973 is divided by 4956.
61
Calculate the remainder when 6172749 is divided by 50.
49
What is the remainder when 219 is divided by 206?
13
Calculate the remainder when 105792 is divided by 93.
51
Calculate the remainder when 212378 is divided by 81.
77
What is the remainder when 2021 is divided by 442?
253
What is the remainder when 6980 is divided by 43?
14
Calculate the remainder when 36002 is divided by 36000.
2
What is the remainder when 1820 is divided by 37?
7
What is the remainder when 147858 is divided by 1332?
6
What is the remainder when 9275 is divided by 65?
45
Calculate the remainder when 29748 is divided by 3606.
900
What is the remainder when 8313261 is divided by 144?
141
Calculate the remainder when 19396 is divided by 6463.
7
Calculate the remainder when 11843 is divided by 93.
32
Calculate the remainder when 6057 is divided by 2018.
3
Calculate the remainder when 1767 is divided by 368.
295
What is the remainder when 1931 is divided by 279?
257
Calculate the remainder when 61735 is divided by 20572.
19
Calculate the remainder when 233849 is divided by 100.
49
Calculate the remainder when 33484 is divided by 1080.
4
Calculate the remainder when 43866 is divided by 414.
396
What is the remainder when 22164 is divided by 102?
30
Calculate the remainder when 177859 is divided by 687.
613
Calculate the remainder when 7493 is divided by 121.
112
What is the remainder when 84057 is divided by 28016?
9
Calculate the remainder when 47 is divided by 25.
22
Calculate the remainder when 6261 is divided by 139.
6
Calculate the remainder when 28088 is divided by 7.
4
What is the remainder when 12876 is divided by 12843?
33
What is the remainder when 1494745 is divided by 151?
147
Calculate the remainder when 894405 is divided by 83.
80
What is the remainder when 32649 is divided by 16308?
33
Calculate the remainder when 11473 is divided by 11039.
434
What is the remainder when 1215 is divided by 2?
1
Calculate the remainder when 6169 is divided by 5.
4
Calculate the remainder when 12025 is divided by 11844.
181
What is the remainder when 2251 is divided by 475?
351
What is the remainder when 517 is divided by 107?
89
Calculate the remainder when 1738847 is divided by 1228.
1227
Calculate the remainder when 1103 is divided by 208.
63
What is the remainder when 52002 is divided by 170?
152
What is the remainder when 706022 is divided by 4153?
12
Calculate the remainder when 98561 is divided by 313.
279
Calculate the remainder when 66118 is divided by 504.
94
Calculate the remainder when 123335 is divided by 12.
11
Calculate the remainder when 11653 is divided by 188.
185
Calculate the remainder when 11848 is divided by 7.
4
Calculate the remainder when 186359 is divided by 9.
5
What is the remainder when 9332 is divided by 2216?
468
Calculate the remainder when 276009 is divided by 92001.
6
What is the remainder when 1328 is divided by 851?
477
What is the remainder when 182642 is divided by 73?
69
What is the remainder when 69654 is divided by 7734?
48
What is the remainder when 41080 is divided by 3731?
39
What is the remainder when 659 is divided by 430?
229
Calculate the remainder when 416 is divided by 193.
30
Calculate the remainder when 97260 is divided by 86.
80
Calculate the remainder when 481876 is divided by 58.
12
Calculate the remainder when 296678 is divided by 30.
8
What is the remainder when 1282923 is divided by 349?
348
What is the remainder when 260329 is divided by 31?
22
What is the remainder when 4350 is divided by 109?
99
What is the remainder when 785 is divided by 675?
110
What is the remainder when 731906 is divided by 15?
11
What is the remainder when 1207 is divided by 768?
439
Calculate the remainder when 2268 is divided by 235.
153
Calculate the remainder when 6283 is divided by 18.
1
Calculate the remainder when 7668 is divided by 66.
12
What is the remainder when 509 is divided by 76?
53
What is the remainder when 3433 is divided by 251?
170
What is the remainder when 22515 is divided by 130?
25
What is the remainder when 1348973 is divided by 66?
65
What is the remainder when 490 is divided by 385?
105
Calculate the remainder when 126968 is divided by 93.
23
Calculate the remainder when 1173 is divided by 171.
147
Calculate the remainder when 480244 is divided by 80039.
10
What is the remainder when 10857 is divided by 350?
7
What is the remainder when 381479 is divided by 199?
195
Calculate the remainder when 231217 is divided by 1128.
1105
Calculate the remainder when 5715 is divided by 59.
51
What is the remainder when 342324 is divided by 85578?
12
What is the remainder when 936 is divided by 307?
15
What is the remainder when 6394 is divided by 6383?
11
What is the remainder when 56097 is divided by 57?
9
What is the remainder when 85801 is divided by 19?
16
What is the remainder when 343784 is divided by 939?
110
Calculate the remainder when 1558 is divided by 426.
280
Calculate the remainder when 8419 is divided by 271.
18
Calculate the remainder when 756030 is divided by 9.
3
Calculate the remainder when 11904 is divided by 2174.
1034
Calculate the remainder when 9996 is divided by 65.
51
Calculate the remainder when 10037 is divided by 1636.
221
What is the remainder when 4463 is divided by 60?
23
Calculate the remainder when 5589 is divided by 181.
159
What is the remainder when 220047 is divided by 54?
51
Calculate the remainder when 475 is divided by 246.
229
Calculate the remainder when 3135 is divided by 279.
66
What is the remainder when 7795 is divided by 626?
283
Calculate the remainder when 5217 is divided by 174.
171
Calculate the remainder when 10430 is divided by 240.
110
What is the remainder when 33094 is divided by 2541?
61
What is the remainder when 1630 is divided by 85?
15
What is the remainder when 21910 is divided by 709?
640
Calculate the remainder when 222 is divided by 100.
22
Calculate the remainder when 6919 is divided by 260.
159
Calculate the remainder when 3513 is divided by 204.
45
What is the remainder when 110918 is divided by 139?
135
Calculate the remainder when 4022 is divided by 209.
51
What is the remainder when 799468 is divided by 30?
28
What is the remainder when 724 is divided by 229?
37
Calculate the remainder when 47521 is divided by 47477.
44
What is the remainder when 645915 is divided by 220?
215
What is the remainder when 275685 is divided by 14?
11
What is the remainder when 16789 is divided by 8370?
49
Calculate the remainder when 149815 is divided by 44.
39
What is the remainder when 231 is divided by 63?
42
Calculate the remainder when 37538 is divided by 12.
2
What is the remainder when 12190 is divided by 4044?
58
What is the remainder when 19852 is divided by 60?
52
Calculate the remainder when 